 and 19?
19
Let g(h) = h**3 - 7*h**2 + 4*h + 20. Let j be g(6). What is the greatest common divisor of j and 24?
8
Suppose 3*s + 2*s - 15 = 0. Let p be (s + -5)/(6/(-45)). Suppose -u = -2*n + 27, 0 = n - 2*u + u - 12. What is the greatest common divisor of n and p?
15
Let d be ((-10)/(-6))/(10/12). Suppose 5*j = -q + 35, 6*q - d*q = 5*j - 10. What is the highest common divisor of j and 24?
6
Let j = 32 - 26. Suppose -5 = j*a - 29. Suppose -3*m = 5*o + 2*m - 280, -a*m = -o + 51. What is the highest common divisor of o and 22?
11
Let d be (-30)/(-2) + (0 - 1). Let q = -70 + -49. Let x = -63 - q. Calculate the highest common divisor of d and x.
14
Let r(g) = -g**3 + 15*g**2 - 8*g - 8. Let c be r(4). Calculate the highest common factor of c and 17.
17
Let t be 608/(-80)*(-270)/1. Let b be t/14 + (-6)/(-14). What is the highest common factor of b and 21?
21
Let k(y) = y**3 - 3*y**2 + y + 2. Let m be k(2). Suppose -s + 5*s - 8 = m. What is the greatest common factor of s and 10?
2
Let f(q) = 2*q + q**2 + 21 - 85*q**3 - 20 - q. Let x be f(-1). Suppose -m + 164 = 5*r, x = 2*r - 4*m + 16. What is the highest common factor of 22 and r?
11
Let h = -344 - -435. Calculate the highest common factor of h and 78.
13
Let m = 0 + 0. Suppose m = -o - 3*x + x + 265, 4*o - x - 1033 = 0. Suppose 396*a = 385*a + 407. What is the highest common factor of o and a?
37
Suppose 72 = 3*b + b. Suppose 0 = -3*q + 303 + 129. What is the greatest common divisor of b and q?
18
Suppose 52*k - 448 = 488. Calculate the greatest common divisor of 693 and k.
9
Let d(l) = -l**2 - 15*l - 2. Let r be d(-8). Let w = -2 + r. Calculate the highest common factor of 13 and w.
13
Suppose -2*j - b - 2*b = -310, 780 = 5*j + 5*b. Suppose u - j = 106. What is the highest common divisor of 24 and u?
24
Let f(z) = -24*z**2 - 176*z - 6. Let d be f(-7). What is the greatest common factor of d and 450?
50
Let k be (1 + 0)*(-21 - -21). Let q(c) = -2*c**3 + c**2 + 2*c + 171. Let g be q(k). What is the highest common factor of g and 19?
19
Let t(m) = 9*m - 15. Let p be t(4). Let j(i) = -2*i + 52. Let n be j(p). What is the highest common divisor of 100 and n?
10
Suppose 0*i = 25*i - 3000. What is the highest common factor of i and 20?
20
Let v(b) = -b + 16. Let i be v(12). Suppose 8*r - 1200 = -i*r. Calculate the highest common divisor of r and 40.
20
Suppose -2*x + x + 59 = -5*a, -3*x + 141 = 3*a. Calculate the highest common factor of 441 and x.
49
Let j = -209 - -217. Calculate the highest common factor of j and 56.
8
Suppose 9*b + 50 = 14*b. Let j = -20 - -11. Let m(u) = u**2 + 7*u - 13. Let f be m(j). What is the highest common factor of f and b?
5
Let u(k) = -k**3 + 4*k**2 + 4*k - 6. Suppose 0 = -3*f + 2*s + 20, -f - 2*s - 3*s = 16. Let l be u(f). Calculate the highest common divisor of 90 and l.
10
Let z be 17 + 3 + (-2)/1. Let c = 98 - z. Suppose 0*a + 4*a = c. What is the highest common factor of 30 and a?
10
Let h(t) = 15*t**2 - 2*t - 2. Let w be h(-1). Suppose -w*l - 104 = -23*l. What is the highest common factor of 39 and l?
13
Let j be 84/(-8)*(-16)/6. Let r = -18 + j. What is the highest common factor of r and 40?
10
Let l be -2 + 15*3 - -2. Suppose 98 = -4*g + 302. Let r be (-2)/(l/g - 1). Calculate the highest common divisor of 136 and r.
17
Let n be 111/9*3/1. What is the highest common divisor of n and 74?
37
Let j = -484 + 572. Let z be 1 + 2/2 - -9. Calculate the highest common factor of z and j.
11
Let c(o) = -33*o - 9. Let f be c(-2). Let a = 61 - f. Calculate the highest common factor of 2 and a.
2
Let a = -1152 + 2202. What is the greatest common factor of 15 and a?
15
Let f be (-292)/(-12) - (-1)/(-3). Let i = f - 19. Suppose -5*g + 4*p + 304 = -3*g, p = -i*g + 771. What is the greatest common divisor of g and 22?
22
Let v(j) = 7*j - 10. Let l be v(4). Suppose 2*q - l + 10 = 0. Suppose 5*c - 84 = -3*g + 76, 4*c = -2*g + 128. Calculate the highest common divisor of c and q.
4
Suppose -12*k + 24*k = 360. Suppose -347 - 103 = -5*b. What is the highest common factor of b and k?
30
Let r(h) = -h**2 + 43*h - 174. Let g be r(36). What is the highest common factor of g and 208?
26
Let n be (7/(-2))/(4/(-16)). Suppose 4*a + 2*c - 78 + 14 = 0, 4*a - 4*c = 40. What is the greatest common divisor of a and n?
14
Let s = 96 - 94. What is the highest common factor of s and 12?
2
Suppose 5*w + 0*w - 50 = 0. Let h(k) = k + 10. Let x be h(w). Suppose a - x = 16. Calculate the greatest common factor of a and 4.
4
Suppose 0 = -7*z + 9*z - 756. Suppose -7*g + 10*g - z = 0. What is the greatest common factor of 28 and g?
14
Let z = -100 + 275. Suppose 22*s = 17*s + z. What is the greatest common divisor of s and 5?
5
Let y(g) = -7*g + 12. Let r = -14 + 24. Let m be y(r). Let t be -4*(m/8 + 4). Calculate the greatest common factor of 13 and t.
13
Suppose 2*a + 2394 = 16*a. Calculate the greatest common factor of a and 19.
19
Suppose -17*p - 28 + 640 = 0. Calculate the greatest common divisor of p and 396.
36
Let h be (-686)/(-8) - (-2)/8. Suppose 0 = -2*b + 34 + h. Suppose 59*s - 1720 = -27*s. What is the greatest common factor of s and b?
20
Suppose -20*y + 720 = 25*y. Calculate the highest common divisor of y and 248.
8
Let f(o) = 29*o**3 + 3*o**2 + o + 17. Let g be f(3). Calculate the greatest common divisor of g and 10.
10
Let o(r) = -1. Let k(y) = -4*y + 36. Let h(d) = -k(d) - o(d). Let w be h(14). What is the highest common divisor of w and 3?
3
Let x(i) = -2*i**3 - 42*i**2 - 3*i - 58. Let r be x(-21). What is the greatest common divisor of r and 36?
1
Let x be 16/((-856)/96 + 9). Calculate the highest common divisor of x and 1024.
64
Let s = -125 + 237. Calculate the highest common factor of s and 56.
56
Suppose 8 + 2 = 5*p. Suppose 5*q = a + q - 27, 0 = p*a - 4*q - 38. What is the greatest common divisor of a and 44?
11
Let o(w) = -17*w + 13. Let i be o(2). Let a = -12 - i. Calculate the greatest common factor of 63 and a.
9
Let g(i) = 5*i**2 + 4*i + 7. Let a = -82 - -75. Let r be g(a). What is the greatest common divisor of r and 14?
14
Suppose -157 - 93 = -2*z. Let f = z - 77. What is the greatest common divisor of 6 and f?
6
Suppose 9*a + 1608 = 17*a. Calculate the greatest common factor of 67 and a.
67
Let h be 552/4*(-4 + 5). What is the highest common factor of h and 6?
6
Suppose 22*o + 3*o - 4200 = 0. What is the highest common divisor of o and 63?
21
Suppose -4*h + 52 = 4*t, 5*h - 85 = -t - 24. What is the greatest common factor of 32 and h?
4
Let j = -908 + 913. Suppose 0 = -4*p + 147 - 7. Suppose 4*h = -2*f + 26, 2*h + 3*h = 2*f - p. Calculate the highest common divisor of f and j.
5
Suppose 9*g = -1371 + 1722. What is the greatest common divisor of 208 and g?
13
Suppose -2*j + 840 = -2*t, 2*j - 34*t - 840 = -37*t. What is the greatest common divisor of 126 and j?
42
Let g = 5074 + -1684. What is the greatest common factor of g and 113?
113
Suppose -k = -5*k + 80. Suppose -4*i + 5*y - 84 = -0*i, -2*y = 0. Let z = 41 + i. Calculate the highest common divisor of k and z.
20
Suppose -4*o + 61 = 5*q, 0*q + 12 = 3*o - 3*q. Suppose -4*y = -o*y + 185. Calculate the highest common divisor of 74 and y.
37
Let b = -2 + -6. Let k be b/(-12) - (-10)/(-6). Let x be 1/((1/k)/(-15)). Calculate the highest common divisor of x and 15.
15
Suppose 2*j - 5*q - 117 = 0, -4*q + 276 = 5*j - j. What is the greatest common factor of 165 and j?
33
Let q(y) = 12*y - 40. Let z be q(7). Let a = -11 + z. Calculate the greatest common factor of a and 3.
3
Suppose -6*j + 86 = -124. What is the greatest common divisor of j and 1505?
35
Let x = -39 + 36. Let g be (-1 - 2)/x - -4. What is the greatest common factor of g and 5?
5
Let b(q) = q - 20. Let j be b(22). Suppose j*m - 14 - 42 = 0. Calculate the greatest common factor of 4 and m.
4
Let h = -102 - -106. Suppose -4*o - 4 + 50 = -3*j, 3*j = -6. Calculate the greatest common divisor of h and o.
2
Let h(v) = v**2 - 4*v + 10. Let n be h(6). Calculate the greatest common divisor of 506 and n.
22
Let o(c) = -c**3 - 7*c**2 + 7*c - 5. Let l be o(-8). Suppose 0 = -5*f + 28 - l. Suppose f*q - 1203 = 62. Calculate the highest common divisor of q and 23.
23
Suppose 2*d = -7 + 63. Suppose 11*b - d = 10*b. Let s = -20 + b. Calculate the greatest common factor of s and 1